 w + -17. Calculate the greatest common factor of 35 and l.
7
Let r(w) = w**2 + 3*w - 5. Let i be r(-5). Suppose i*o - 67 = 28. Calculate the highest common factor of o and 38.
19
Let u be ((-5)/15)/((-2)/(-12)). Let l be 111 - (u/(-1) - -1). What is the highest common divisor of 12 and l?
12
Suppose -5*d = -2*p - 0*d + 33, -4*d + 24 = 2*p. Calculate the highest common divisor of p and 2.
2
Suppose -3*q - 17 = w, 4*q - w + 2*w + 23 = 0. Let z be 0 + (-8)/6*q. What is the greatest common factor of 12 and z?
4
Let j = 27 + -18. Let v(r) = -6*r + 3. Let b be v(-1). Calculate the highest common divisor of b and j.
9
Let a = 4 - -8. Calculate the highest common factor of a and 3.
3
Let g be 0*(-2)/4*1. Suppose 4*o = -f - g + 15, -3*o + 18 = 3*f. Suppose 0 = -o*x + 19 + 212. What is the greatest common factor of x and 11?
11
Suppose 0 = 3*a + 5*l - 820, -3*l + l = -4*a + 1128. Calculate the highest common divisor of 112 and a.
56
Let p(h) = 2*h + 4. Let c be p(-3). Suppose -o - 3 = -4*o. Let b be 25/o + c + 1. Calculate the greatest common factor of b and 12.
12
Suppose -y - 5*s = 29, -16 - 19 = 5*y + 3*s. Let t be (-2)/(-4) + (-2)/y. Let h(q) = 9*q**3 - 1. Let p be h(1). Calculate the greatest common factor of t and p.
1
Suppose 0 = 2*g + 2*g. Suppose g*n - 3*n = -51. Let p = 17 + 0. Calculate the highest common factor of p and n.
17
Let z be 39 + 5*4/20. What is the highest common divisor of z and 20?
20
Suppose 10 = 5*c - 30. Suppose u = -3*i - 11 + 50, u - 51 = -4*i. What is the highest common divisor of c and i?
4
Suppose g - 3*g = 6, 5*o - 2*g = 26. What is the greatest common divisor of o and 36?
4
Suppose n - 3 - 8 = 0. What is the highest common factor of 55 and n?
11
Let o be 5 - -5 - 5 - -6. What is the greatest common factor of 99 and o?
11
Suppose 3*m = -2*h + 36, -m + 2*m - 19 = -h. Let w = h + 0. Calculate the greatest common factor of 231 and w.
21
Let s = -70 + 117. Let d be -1 - (-6*s)/3. Let i = d + -57. Calculate the greatest common factor of 24 and i.
12
Let q be 302/14 - (-6)/14. Suppose 554 - 202 = 2*o. What is the greatest common factor of q and o?
22
Let b be 2/(3*(-6)/(-27)). Suppose -b = -g + 7. What is the highest common factor of 10 and g?
10
Let c = -197 + 357. What is the highest common factor of 5 and c?
5
Let b(r) = 2*r**3 + 2*r**2 - 2*r + 1. Let t be b(1). Let h be ((-5)/t)/(1/(-15)). Calculate the highest common divisor of h and 5.
5
Let p(q) = 10*q + q**2 + 1 - 2*q - 13. Let u be p(-10). What is the highest common divisor of u and 2?
2
Let q = 34 - 28. What is the highest common factor of q and 54?
6
Suppose 0*j + 400 = 5*j. Suppose 6*v = -4*f + 5*v + j, 4*f - 84 = -2*v. What is the highest common divisor of f and 133?
19
Suppose w = 6*w + 10, 5*z = 2*w + 44. What is the highest common divisor of z and 8?
8
Suppose -3*d = -2*m - 65, -3*d - 4*m + 22 = -d. What is the greatest common divisor of d and 95?
19
Suppose -4*a - 10 - 6 = -3*x, -3*x = -a - 22. What is the highest common divisor of x and 4?
4
Suppose f = -5*k - f + 218, -4 = -f. Calculate the greatest common divisor of k and 105.
21
Suppose -2*p = -8*a + 3*a + 75, 0 = 2*a - 4*p - 46. What is the highest common factor of a and 104?
13
Let f(w) = w**2 - 5*w + 4. Let v be f(4). Suppose -z = 2*t - v - 12, 4*z + 16 = 0. Let i be 78/t - 1/(-4). Calculate the greatest common divisor of i and 20.
10
Suppose -2*w + 4*j = -4, 5 = -3*j + 2. Let l be (102/119)/(2/(-7)*-1). Let z = w + l. Calculate the highest common divisor of z and 3.
3
Suppose -2*m - x + 5 = 0, 2*x - 7*x + 7 = m. Suppose 0*k = 2*k + m. Let a be (k - 0)/(3/(-363)). What is the highest common factor of 11 and a?
11
Let z(g) = 9*g + 1. Let i be z(7). Suppose -4*o - 444 = -4*s, -2*s + 4*o + 156 = -i. Let j be 2 + 4/(-6)*-21. What is the greatest common factor of j and s?
16
Let i(z) = 2*z**2 + 19*z + 17. Let m be i(-9). Calculate the greatest common factor of 24 and m.
8
Suppose 0*w = -7*w + 462. What is the greatest common divisor of 6 and w?
6
Suppose -2*u + 5*p + 6 = u, -23 = -5*u + 4*p. Calculate the highest common divisor of u and 28.
7
Let y(j) = 5*j**2 - 2*j + 1. Let n = 8 - 6. Let v be y(n). What is the highest common factor of 85 and v?
17
Let x = -10 - -30. Let q = x + -12. Calculate the greatest common factor of 16 and q.
8
Suppose 21 = 5*w + 3*j, 4*j - 4 = 4. Suppose 0*c + 4*c - 2 = -5*l, -2*c - w*l = 0. Suppose -p = c*p - 32. Calculate the greatest common factor of 2 and p.
2
Let m be (-6)/4*10/(-3). Suppose 0 = 2*s + 3*a - 41, -3*s + 56 - m = a. Suppose -3*j = -j - s. Calculate the highest common divisor of j and 8.
8
Let a = 16 + -15. Suppose -2*x + 5*i + 305 = 3*x, i + a = 0. What is the highest common factor of 24 and x?
12
Let t(f) = -2*f + 20. Let h be t(14). Let w be ((-6)/(-5))/(1/10). Let d be h/w + (-68)/(-3). What is the highest common factor of 110 and d?
22
Let p be (12/2)/(-3) + 47. Suppose -4*t - 12 = -7*t. Suppose -t*d + d + 45 = 0. Calculate the greatest common factor of d and p.
15
Let w(o) = o**3 - 5. Let g be w(0). Let n = -10 - g. Let x(q) = -q**3 - 4*q**2 + 6*q + 7. Let u be x(n). What is the greatest common divisor of 18 and u?
2
Suppose 0*g = g - 5. Suppose 0 = -g*o + 176 + 244. Suppose 0 = 4*a - 0*s + s - 51, 5*a - 72 = -4*s. What is the highest common factor of o and a?
12
Suppose 0*o - 82 = -2*o. Suppose 4*p - 31 = o. What is the greatest common divisor of 45 and p?
9
Suppose 0 = 2*t + p - 8, -4*t + 5*t + p = 4. Suppose 2*o = -5*k + 81, -t*k = -k + 4*o - 57. Calculate the highest common divisor of k and 105.
15
Let i(a) = 2*a**2 - 4*a - 3. Let l be i(-6). Let b be (-1 - 0) + -1 - -64. What is the greatest common divisor of l and b?
31
Let q = -9 + 3. Let d be (-7)/21 + (-50)/q. Calculate the greatest common factor of 88 and d.
8
Let o(j) = 7*j - 15. Let s be o(9). What is the highest common factor of s and 6?
6
Let h = -166 + 398. Calculate the highest common factor of h and 29.
29
Let c(b) = -17*b - 11. Let f be c(-3). Calculate the highest common factor of f and 160.
40
Let m(s) = s**2 + 5*s + 69. Let w be m(16). Calculate the highest common factor of w and 45.
45
Let l = -9 + 14. What is the highest common divisor of 20 and l?
5
Let x = -16 - -37. Let f be 182/x - 2/(-6). Calculate the highest common factor of f and 54.
9
Let w(b) = -b**3 - 10*b**2 - 4*b + 10. Let r be w(-10). What is the highest common factor of 20 and r?
10
Let o(x) = x - 1. Let d(z) = -17*z - 2. Let s(c) = -d(c) + 3*o(c). Let b be s(2). Suppose 2*i + 14*i - 208 = 0. Calculate the highest common factor of b and i.
13
Let c be 45/(-18)*152/(-10). Let d = c - 25. What is the greatest common divisor of 143 and d?
13
Let b(f) = 2*f - 2. Let g be b(-10). Suppose -2*c = -1 + 21. Let w = c - g. What is the highest common divisor of 60 and w?
12
Let f(n) = -n**2 + 0*n + 6 - 1 - 8*n. Let t be f(-5). Suppose 5*d = 5*w - 235, -w + 2*d - 6*d + 62 = 0. Calculate the greatest common divisor of w and t.
10
Suppose 0 = 3*t + 2*t + 4*v - 58, 6 = -2*v. Suppose -2*i + 0 = 8, -i + t = 2*p. Let j be -4*-1*3/2. What is the greatest common divisor of p and j?
3
Suppose 118 = -g - 5*f - 215, 0 = 2*f + 6. Let v = g - -446. Calculate the greatest common factor of 16 and v.
16
Let t(x) = x + 3. Let z be t(4). Suppose 3*k - z - 2 = 0. Suppose 0 = -0*w - k*w + 108. What is the greatest common factor of w and 4?
4
Let k = 2 + -1. Suppose o = -2*s + 45, -10 = -3*s - k. Suppose 6*d + 4*y - 39 = 3*d, -3*y = 5*d - 65. Calculate the greatest common divisor of d and o.
13
Suppose 84 = s + 2*o, s + 3*s - 2*o = 336. Let l be (-2)/(-9) + 374/18. Calculate the highest common factor of l and s.
21
Let u(o) = 2*o**3 - 5*o**2 + 12*o - 20. Let b be u(5). Calculate the highest common factor of b and 15.
15
Suppose -a + 40 = a. Suppose 2*z = -3*z + a. Calculate the greatest common divisor of z and 4.
4
Let s(a) = -a + 1. Let m be s(-9). Suppose -1 = y - m. What is the highest common factor of y and 3?
3
Let w(g) = g**3 - g**2 - 3*g + 9. Let m be w(0). What is the greatest common divisor of m and 99?
9
Let h be ((-16)/3)/(5/15). Let g = -4 - h. Let w be (-1)/(-1 - g/(-14)). Calculate the highest common factor of 35 and w.
7
Let u = 135 - 129. Let y be 1/((-21)/162)*-7. What is the greatest common factor of u and y?
6
Let l = 41 + -15. 